{"id":117,"date":"2022-07-26T13:52:08","date_gmt":"2022-07-26T13:52:08","guid":{"rendered":"https:\/\/esofestival.com\/?page_id=117"},"modified":"2024-03-14T11:53:06","modified_gmt":"2024-03-14T11:53:06","slug":"esof-24-munster","status":"publish","type":"page","link":"https:\/\/esofestival.com\/?page_id=117","title":{"rendered":"ESOF &#8217;24 &#8211; M\u00fcnster"},"content":{"rendered":"\t\t<div data-elementor-type=\"wp-page\" data-elementor-id=\"117\" class=\"elementor elementor-117\">\n\t\t\t\t\t\t\t\t\t<section class=\"elementor-section elementor-top-section elementor-element elementor-element-12e637d elementor-section-boxed elementor-section-height-default elementor-section-height-default\" data-id=\"12e637d\" data-element_type=\"section\" data-settings=\"{&quot;background_background&quot;:&quot;classic&quot;}\">\n\t\t\t\t\t\t<div class=\"elementor-container elementor-column-gap-default\">\n\t\t\t\t\t<div class=\"elementor-column elementor-col-100 elementor-top-column elementor-element elementor-element-42e950c\" data-id=\"42e950c\" data-element_type=\"column\">\n\t\t\t<div class=\"elementor-widget-wrap elementor-element-populated\">\n\t\t\t\t\t\t\t\t<div class=\"elementor-element elementor-element-0c5beab elementor-widget elementor-widget-heading\" data-id=\"0c5beab\" data-element_type=\"widget\" data-widget_type=\"heading.default\">\n\t\t\t\t<div class=\"elementor-widget-container\">\n\t\t\t<style>\/*! elementor - v3.7.2 - 21-08-2022 *\/\n.elementor-heading-title{padding:0;margin:0;line-height:1}.elementor-widget-heading .elementor-heading-title[class*=elementor-size-]>a{color:inherit;font-size:inherit;line-height:inherit}.elementor-widget-heading .elementor-heading-title.elementor-size-small{font-size:15px}.elementor-widget-heading .elementor-heading-title.elementor-size-medium{font-size:19px}.elementor-widget-heading .elementor-heading-title.elementor-size-large{font-size:29px}.elementor-widget-heading .elementor-heading-title.elementor-size-xl{font-size:39px}.elementor-widget-heading .elementor-heading-title.elementor-size-xxl{font-size:59px}<\/style><h2 class=\"elementor-heading-title elementor-size-default\">ESOF '24 - M\u00fcnster<\/h2>\t\t<\/div>\n\t\t\t\t<\/div>\n\t\t\t\t\t<\/div>\n\t\t<\/div>\n\t\t\t\t\t\t\t<\/div>\n\t\t<\/section>\n\t\t\t\t<section class=\"elementor-section elementor-top-section elementor-element elementor-element-6543d9f elementor-section-boxed elementor-section-height-default elementor-section-height-default\" data-id=\"6543d9f\" data-element_type=\"section\">\n\t\t\t\t\t\t<div class=\"elementor-container elementor-column-gap-default\">\n\t\t\t\t\t<div class=\"elementor-column elementor-col-100 elementor-top-column elementor-element elementor-element-dd18aa7\" data-id=\"dd18aa7\" data-element_type=\"column\">\n\t\t\t<div class=\"elementor-widget-wrap elementor-element-populated\">\n\t\t\t\t\t\t\t\t<div class=\"elementor-element elementor-element-660704f elementor-widget elementor-widget-heading\" data-id=\"660704f\" data-element_type=\"widget\" data-widget_type=\"heading.default\">\n\t\t\t\t<div class=\"elementor-widget-container\">\n\t\t\t<h2 class=\"elementor-heading-title elementor-size-default\">M\u00fcnster \u2013 Germany<\/h2>\t\t<\/div>\n\t\t\t\t<\/div>\n\t\t\t\t<div class=\"elementor-element elementor-element-ccbf7e6 elementor-widget elementor-widget-heading\" data-id=\"ccbf7e6\" data-element_type=\"widget\" data-widget_type=\"heading.default\">\n\t\t\t\t<div class=\"elementor-widget-container\">\n\t\t\t<h2 class=\"elementor-heading-title elementor-size-default\">13\/03\/2024 \u2013 17\/03\/2024\n<\/h2>\t\t<\/div>\n\t\t\t\t<\/div>\n\t\t\t\t<div class=\"elementor-element elementor-element-039448c elementor-widget elementor-widget-text-editor\" data-id=\"039448c\" data-element_type=\"widget\" data-widget_type=\"text-editor.default\">\n\t\t\t\t<div class=\"elementor-widget-container\">\n\t\t\t<style>\/*! elementor - v3.7.2 - 21-08-2022 *\/\n.elementor-widget-text-editor.elementor-drop-cap-view-stacked .elementor-drop-cap{background-color:#818a91;color:#fff}.elementor-widget-text-editor.elementor-drop-cap-view-framed .elementor-drop-cap{color:#818a91;border:3px solid;background-color:transparent}.elementor-widget-text-editor:not(.elementor-drop-cap-view-default) .elementor-drop-cap{margin-top:8px}.elementor-widget-text-editor:not(.elementor-drop-cap-view-default) .elementor-drop-cap-letter{width:1em;height:1em}.elementor-widget-text-editor .elementor-drop-cap{float:left;text-align:center;line-height:1;font-size:50px}.elementor-widget-text-editor .elementor-drop-cap-letter{display:inline-block}<\/style>\t\t\t\t<p><strong>The 2024 edition of the European Student Orchestra Festival takes us to M\u00fcnster, <br \/><\/strong><strong>hosted by the <a href=\"https:\/\/www.jusi-muenster.de\/start.html\">Junges Sinfonieorchester an der WWU M\u00fcnster<\/a><br \/><\/strong><\/p><div>\u00a0<\/div><div><strong>All information for participants can be found on the Festival website:<\/strong><\/div><div><strong><a href=\"https:\/\/esof24.jusi-muenster.de\/\" target=\"_blank\" rel=\"noopener\">esof24.jusi-muenster.de<\/a><br \/><\/strong><\/div>\t\t\t\t\t\t<\/div>\n\t\t\t\t<\/div>\n\t\t\t\t\t<\/div>\n\t\t<\/div>\n\t\t\t\t\t\t\t<\/div>\n\t\t<\/section>\n\t\t\t\t<section class=\"elementor-section elementor-top-section elementor-element elementor-element-1c15c56 elementor-section-boxed elementor-section-height-default elementor-section-height-default\" data-id=\"1c15c56\" data-element_type=\"section\">\n\t\t\t\t\t\t<div class=\"elementor-container elementor-column-gap-default\">\n\t\t\t\t\t<div class=\"elementor-column elementor-col-100 elementor-top-column elementor-element elementor-element-936f9b9\" data-id=\"936f9b9\" data-element_type=\"column\">\n\t\t\t<div class=\"elementor-widget-wrap elementor-element-populated\">\n\t\t\t\t\t\t\t\t<div class=\"elementor-element elementor-element-80e49be elementor-widget elementor-widget-text-editor\" data-id=\"80e49be\" data-element_type=\"widget\" data-widget_type=\"text-editor.default\">\n\t\t\t\t<div class=\"elementor-widget-container\">\n\t\t\t\t\t\t\t<h2>Team ESOF24<\/h2>\t\t\t\t\t\t<\/div>\n\t\t\t\t<\/div>\n\t\t\t\t\t<\/div>\n\t\t<\/div>\n\t\t\t\t\t\t\t<\/div>\n\t\t<\/section>\n\t\t\t\t<section class=\"elementor-section elementor-top-section elementor-element elementor-element-90a274b elementor-section-boxed elementor-section-height-default elementor-section-height-default\" data-id=\"90a274b\" data-element_type=\"section\">\n\t\t\t\t\t\t<div class=\"elementor-container elementor-column-gap-default\">\n\t\t\t\t\t<div class=\"elementor-column elementor-col-100 elementor-top-column elementor-element elementor-element-c258a0c\" data-id=\"c258a0c\" data-element_type=\"column\">\n\t\t\t<div class=\"elementor-widget-wrap elementor-element-populated\">\n\t\t\t\t\t\t\t\t<div class=\"elementor-element elementor-element-385a832 elementor-widget elementor-widget-image\" data-id=\"385a832\" data-element_type=\"widget\" data-widget_type=\"image.default\">\n\t\t\t\t<div class=\"elementor-widget-container\">\n\t\t\t<style>\/*! elementor - v3.7.2 - 21-08-2022 *\/\n.elementor-widget-image{text-align:center}.elementor-widget-image a{display:inline-block}.elementor-widget-image a img[src$=\".svg\"]{width:48px}.elementor-widget-image img{vertical-align:middle;display:inline-block}<\/style>\t\t\t\t\t\t\t\t\t\t\t\t<img loading=\"lazy\" decoding=\"async\" width=\"768\" height=\"496\" src=\"https:\/\/esofestival.com\/wp-content\/uploads\/2023\/02\/IMG-20230211-WA0000-768x496.jpg\" class=\"attachment-medium_large size-medium_large\" alt=\"Team ESOF24\" srcset=\"https:\/\/esofestival.com\/wp-content\/uploads\/2023\/02\/IMG-20230211-WA0000-768x496.jpg 768w, https:\/\/esofestival.com\/wp-content\/uploads\/2023\/02\/IMG-20230211-WA0000-300x194.jpg 300w, https:\/\/esofestival.com\/wp-content\/uploads\/2023\/02\/IMG-20230211-WA0000-1024x662.jpg 1024w, https:\/\/esofestival.com\/wp-content\/uploads\/2023\/02\/IMG-20230211-WA0000.jpg 1119w\" sizes=\"auto, (max-width: 768px) 100vw, 768px\" \/>\t\t\t\t\t\t\t\t\t\t\t\t\t\t\t<\/div>\n\t\t\t\t<\/div>\n\t\t\t\t\t<\/div>\n\t\t<\/div>\n\t\t\t\t\t\t\t<\/div>\n\t\t<\/section>\n\t\t\t\t<section class=\"elementor-section elementor-top-section elementor-element elementor-element-9907cd2 elementor-section-boxed elementor-section-height-default elementor-section-height-default\" data-id=\"9907cd2\" data-element_type=\"section\">\n\t\t\t\t\t\t<div class=\"elementor-container elementor-column-gap-default\">\n\t\t\t\t\t<div class=\"elementor-column elementor-col-100 elementor-top-column elementor-element elementor-element-4bf9738\" data-id=\"4bf9738\" data-element_type=\"column\">\n\t\t\t<div class=\"elementor-widget-wrap elementor-element-populated\">\n\t\t\t\t\t\t\t\t<div class=\"elementor-element elementor-element-d1b159d elementor-widget elementor-widget-text-editor\" data-id=\"d1b159d\" data-element_type=\"widget\" data-widget_type=\"text-editor.default\">\n\t\t\t\t<div class=\"elementor-widget-container\">\n\t\t\t\t\t\t\t<p>front row: Sophia B\u00f6hm, vice-chairwoman, David Ulbricht, concertmaster, May T\u00f6pfer, Note attendant, Jan Lei\u00dfe, vice-chairman.<br \/>back row: Bastian Heymel, conductor, Brigitte Heeke, chairperson, Finn Kahmann, cashier, David Eidecker, membership management<\/p>\t\t\t\t\t\t<\/div>\n\t\t\t\t<\/div>\n\t\t\t\t\t<\/div>\n\t\t<\/div>\n\t\t\t\t\t\t\t<\/div>\n\t\t<\/section>\n\t\t\t\t<section class=\"elementor-section elementor-top-section elementor-element elementor-element-fb1c4a6 elementor-section-boxed elementor-section-height-default elementor-section-height-default\" data-id=\"fb1c4a6\" data-element_type=\"section\">\n\t\t\t\t\t\t<div class=\"elementor-container elementor-column-gap-default\">\n\t\t\t\t\t<div class=\"elementor-column elementor-col-50 elementor-top-column elementor-element elementor-element-ea5e4e4\" data-id=\"ea5e4e4\" data-element_type=\"column\">\n\t\t\t<div class=\"elementor-widget-wrap elementor-element-populated\">\n\t\t\t\t\t\t\t\t<div class=\"elementor-element elementor-element-fec1196 elementor-widget elementor-widget-text-editor\" data-id=\"fec1196\" data-element_type=\"widget\" data-widget_type=\"text-editor.default\">\n\t\t\t\t<div class=\"elementor-widget-container\">\n\t\t\t\t\t\t\t<h4>ALL CONCERTS ARE FREE!<\/h4><p><b><span style=\"font-family: 'Josefin Sans';\">13.03.2024\u00a0 Wednesday \u2013 Opening concert <a>20:00<\/a><\/span><\/b><\/p><p><span style=\"font-family: 'Josefin Sans';\">Gro\u00dfes Haus im Theater M\u00fcnster<\/span><\/p><p><b><span lang=\"NL-BE\" style=\"font-family: 'Josefin Sans'; mso-ansi-language: NL-BE;\">M\u00fcnster<\/span><\/b><\/p><p><span lang=\"NL-BE\" style=\"font-family: 'Josefin Sans'; mso-ansi-language: NL-BE;\">RICHARD WAGNER &#8211; \u00bbDie Meistersinger von N\u00fcrnberg\u00ab | Vorspiel zum dritten Aufzug<\/span><\/p><p>\u00a0<\/p><p><span lang=\"NL-BE\" style=\"font-family: 'Josefin Sans'; mso-ansi-language: NL-BE;\">PJOTR ILJITSCH TSCHAIKOWSKI &#8211; Sinfonie Nr. 5 e-Moll op. 64<\/span><\/p><p><b><span style=\"font-family: 'Josefin Sans';\">14.03.2024 Thursday \u2013 Concert 20:00<\/span><\/b><\/p><p><span style=\"font-family: 'Josefin Sans';\">Messe und Congress Centrum Halle M\u00fcnsterland<\/span><\/p><p><b><span lang=\"NL-BE\" style=\"font-family: 'Josefin Sans'; mso-ansi-language: NL-BE;\">L\u00fcneburg<\/span><\/b><\/p><p><span lang=\"NL-BE\" style=\"font-family: 'Josefin Sans'; mso-ansi-language: NL-BE;\">WOLFGANG AMADEUS MOZART &#8211; Sinfonie A-Dur KV 201, 1. <\/span><span style=\"font-family: 'Josefin Sans';\">Satz<\/span><\/p><p><span style=\"font-family: 'Josefin Sans';\">PAUL HARVEY &#8211; Fantasia In One Movement<\/span><\/p><p><span style=\"font-family: 'Josefin Sans';\">ANOUSHIRAVAN ROHANI &#8211; Soltane Ghalbha arr. Rebecca Lang<\/span><\/p><p><span style=\"font-family: 'Josefin Sans';\">FANNY HENSEL &#8211; Ouvert\u00fcre C-Dur arr. Rebecca Lang<\/span><\/p><p><b><span style=\"font-family: 'Josefin Sans';\">Ljubljana<\/span><\/b><\/p><p><span lang=\"NL-BE\" style=\"font-family: 'Josefin Sans'; mso-ansi-language: NL-BE;\">LUDWIG VAN BEETHOVEN &#8211; Sinfonie No. 3 in Es major op. 55 &#8220;Eroica&#8221;<\/span><\/p><p><span lang=\"NL-BE\" style=\"font-family: 'Josefin Sans'; mso-ansi-language: NL-BE;\">\u00a0<\/span><\/p><p><b><span style=\"font-family: 'Josefin Sans';\">15.03.2024 &#8211; Friday \u2013 Concert 20:00<\/span><\/b><\/p><p><span style=\"font-family: 'Josefin Sans';\">Messe und Congress Centrum Halle M\u00fcnsterland<\/span><\/p><p><b><span style=\"font-family: 'Josefin Sans';\">Tallinn<\/span><\/b><\/p><p><span style=\"font-family: 'Josefin Sans';\">RASMUS PUUR &#8211; Tuuline eleegia [Windy Elegy]<\/span><\/p><p><span style=\"font-family: 'Josefin Sans';\">MARTIN SILDOS &#8211; &#8220;Mu isamaa&#8221; Aleksander Kunileid &#8220;Mu isamaa on minu arm&#8221; ainetel<\/span><\/p><p><span style=\"font-family: 'Josefin Sans';\">[&#8220;My Fatherland&#8221; arrangement based on Aleksander Kunileid &#8220;My Fatherland, You Are My Love&#8221;]<\/span><\/p><p><span lang=\"NL-BE\" style=\"font-family: 'Josefin Sans'; mso-ansi-language: NL-BE;\">LUDWIG VAN BEETHOVEN &#8211; Symphony No. 5 in c-Minor, Op. 67<\/span><\/p><p><b><span style=\"font-family: 'Josefin Sans';\">Paris<\/span><\/b><\/p><p>\u00a0<\/p><p><span style=\"font-family: 'Josefin Sans';\">C\u00c9SAR FRANCK &#8211; Symphony in D minorm<\/span><\/p><p><span lang=\"NL-BE\" style=\"font-family: 'Josefin Sans'; mso-ansi-language: NL-BE;\">\u00a0<\/span><\/p><p><span lang=\"NL-BE\" style=\"font-family: 'Josefin Sans'; mso-ansi-language: NL-BE;\">\u00a0<\/span><\/p><h4>\u00a0<\/h4>\t\t\t\t\t\t<\/div>\n\t\t\t\t<\/div>\n\t\t\t\t\t<\/div>\n\t\t<\/div>\n\t\t\t\t<div class=\"elementor-column elementor-col-50 elementor-top-column elementor-element elementor-element-2805c07\" data-id=\"2805c07\" data-element_type=\"column\">\n\t\t\t<div class=\"elementor-widget-wrap elementor-element-populated\">\n\t\t\t\t\t\t\t\t<div class=\"elementor-element elementor-element-8020b47 elementor-widget elementor-widget-text-editor\" data-id=\"8020b47\" data-element_type=\"widget\" data-widget_type=\"text-editor.default\">\n\t\t\t\t<div class=\"elementor-widget-container\">\n\t\t\t\t\t\t\t<h4><b><span style=\"font-family: 'Josefin Sans';\">&nbsp;<\/span><\/b><\/h4>\n<p class=\"MsoNormal\"><b><span style=\"font-family: 'Josefin Sans';\">16.03.2024 &#8211; Saturday&nbsp;&#8211; Closing Concert 20:00<\/span><\/b><\/p>\n<p class=\"MsoNormal\"><span style=\"font-family: 'Josefin Sans';\">Messe und Congress<br>Centrum Halle M\u00fcnsterland<\/span><\/p>\n<p class=\"MsoNormal\"><b><span style=\"font-family: 'Josefin Sans';\">Berlin<\/span><\/b><\/p>\n<p class=\"MsoNormal\"><span style=\"font-family: 'Josefin Sans';\">DORA PEJA<\/span>\u010c<span style=\"font-family: 'Josefin Sans';\">EVI<\/span>\u0106<span style=\"font-family: 'Josefin Sans';\"> &#8211; <\/span><span lang=\"NL-BE\" style=\"font-family: 'Josefin Sans'; mso-ansi-language: NL-BE;\">Sinfonie<br>fis-Moll<\/span><\/p>\n<p class=\"MsoNormal\"><b><span lang=\"NL-BE\" style=\"font-family: 'Josefin Sans'; mso-ansi-language: NL-BE;\">Strasbourg<\/span><\/b><\/p>\n<p class=\"MsoNormal\"><span lang=\"NL-BE\" style=\"font-family: 'Josefin Sans'; mso-ansi-language: NL-BE;\">WOLFGANG AMADEUS MOZART &#8211; Die Zauberfl\u00f6te KV 620,<br>Ouvert\u00fcre<\/span><\/p>\n<p class=\"MsoNormal\"><span style=\"font-family: 'Josefin Sans';\">GEORGES BIZET &#8211; Carmen-Suite<br>Nr.1<\/span><\/p>\n<p class=\"MsoNormal\"><span style=\"font-family: 'Josefin Sans'; mso-ansi-language: NL-BE;\">&nbsp;<span lang=\"NL-BE\">FELIX<br>MENDELSSOHN BARTHOLDY &#8211; Ouvert\u00fcre op. 26, \u201eDie Hebriden &#8211; Die Fingalsh\u00f6hle\u201c<\/span><\/span><\/p>\n<p><\/p>\n<p class=\"MsoNormal\"><span style=\"font-family: 'Josefin Sans';\">GEORGES BIZET &#8211; Carmen-Suite<br>Nr.2<\/span><\/p><p class=\"MsoNormal\"><span style=\"font-family: 'Josefin Sans';\"><br><\/span><\/p><p class=\"MsoNormal\"><span style=\"font-family: 'Josefin Sans';\"><br><\/span><\/p><p class=\"MsoNormal\"><span style=\"font-family: 'Josefin Sans';\"><br><\/span><\/p><h4 style=\"font-family: &quot;Josefin Sans&quot;, sans-serif; color: rgb(122, 122, 122);\">About M\u00fcnster<\/h4><p><span lang=\"en\">M\u00fcnster is the&nbsp;<\/span>City of science, city of sculptures, city of the Peace of Westphalia, city of bicycles, Hanseatic city &#8211; M\u00fcnster is a living metropolis with many faces.&nbsp;<span lang=\"en\">In 2014, its population exceeded the 300,000 mark for the first time.&nbsp;With 65,000 students, M\u00fcnster is one of the ten largest university cities in Germany.&nbsp;In addition, M\u00fcnster is known as a bicycle city due to its bicycle-friendly cityscape.<\/span><\/p><p><\/p><h4 style=\"font-family: &quot;Josefin Sans&quot;, sans-serif; color: rgb(122, 122, 122);\">About the host orchestra<\/h4><p>The Young Symphony Orchestra at the WWU M\u00fcnster e.&nbsp;V. is a student-oriented ensemble with currently around 85 active members from all faculties.&nbsp;However, non-students are always welcome.&nbsp;The orchestra has existed since 1986 and is a member of Jeunesses Musicales Germany and the Federal Association of German Amateur Orchestras.<\/p>\t\t\t\t\t\t<\/div>\n\t\t\t\t<\/div>\n\t\t\t\t\t<\/div>\n\t\t<\/div>\n\t\t\t\t\t\t\t<\/div>\n\t\t<\/section>\n\t\t\t\t<section class=\"elementor-section elementor-top-section elementor-element elementor-element-0504ffd elementor-section-boxed elementor-section-height-default elementor-section-height-default\" data-id=\"0504ffd\" data-element_type=\"section\">\n\t\t\t\t\t\t<div class=\"elementor-container elementor-column-gap-default\">\n\t\t\t\t\t<div class=\"elementor-column elementor-col-100 elementor-top-column elementor-element elementor-element-c56df6d\" data-id=\"c56df6d\" data-element_type=\"column\">\n\t\t\t<div class=\"elementor-widget-wrap elementor-element-populated\">\n\t\t\t\t\t\t\t\t<div class=\"elementor-element elementor-element-f577af0 elementor-widget elementor-widget-image\" data-id=\"f577af0\" data-element_type=\"widget\" copyright=\"\" data-widget_type=\"image.default\">\n\t\t\t\t<div class=\"elementor-widget-container\">\n\t\t\t\t\t\t\t\t\t\t\t\t\t\t\t<img loading=\"lazy\" decoding=\"async\" width=\"800\" height=\"450\" src=\"https:\/\/esofestival.com\/wp-content\/uploads\/2023\/02\/Muenster_Lambertibrunnen_auf_dem_Prinzipalmarkt_Spiegelung_der_alten_Haeuserbei_Nacht-1024x576.jpg\" class=\"attachment-large size-large\" alt=\"copyright munster marketing\" srcset=\"https:\/\/esofestival.com\/wp-content\/uploads\/2023\/02\/Muenster_Lambertibrunnen_auf_dem_Prinzipalmarkt_Spiegelung_der_alten_Haeuserbei_Nacht-1024x576.jpg 1024w, https:\/\/esofestival.com\/wp-content\/uploads\/2023\/02\/Muenster_Lambertibrunnen_auf_dem_Prinzipalmarkt_Spiegelung_der_alten_Haeuserbei_Nacht-300x169.jpg 300w, https:\/\/esofestival.com\/wp-content\/uploads\/2023\/02\/Muenster_Lambertibrunnen_auf_dem_Prinzipalmarkt_Spiegelung_der_alten_Haeuserbei_Nacht-768x432.jpg 768w, https:\/\/esofestival.com\/wp-content\/uploads\/2023\/02\/Muenster_Lambertibrunnen_auf_dem_Prinzipalmarkt_Spiegelung_der_alten_Haeuserbei_Nacht-1536x864.jpg 1536w, https:\/\/esofestival.com\/wp-content\/uploads\/2023\/02\/Muenster_Lambertibrunnen_auf_dem_Prinzipalmarkt_Spiegelung_der_alten_Haeuserbei_Nacht.jpg 1600w\" sizes=\"auto, (max-width: 800px) 100vw, 800px\" \/>\t\t\t\t\t\t\t\t\t\t\t\t\t\t\t<\/div>\n\t\t\t\t<\/div>\n\t\t\t\t\t<\/div>\n\t\t<\/div>\n\t\t\t\t\t\t\t<\/div>\n\t\t<\/section>\n\t\t\t\t<section class=\"elementor-section elementor-top-section elementor-element elementor-element-7576e37 elementor-section-boxed elementor-section-height-default elementor-section-height-default\" data-id=\"7576e37\" data-element_type=\"section\">\n\t\t\t\t\t\t<div class=\"elementor-container elementor-column-gap-default\">\n\t\t\t\t\t<div class=\"elementor-column elementor-col-100 elementor-top-column elementor-element elementor-element-e931488\" data-id=\"e931488\" data-element_type=\"column\">\n\t\t\t<div class=\"elementor-widget-wrap elementor-element-populated\">\n\t\t\t\t\t\t\t\t<div class=\"elementor-element elementor-element-6214b9f elementor-widget elementor-widget-heading\" data-id=\"6214b9f\" data-element_type=\"widget\" data-widget_type=\"heading.default\">\n\t\t\t\t<div class=\"elementor-widget-container\">\n\t\t\t<h2 class=\"elementor-heading-title elementor-size-default\">If we all end up in prison one day for illegal music downloads, I can only hope that they divide us by music genres.<\/h2>\t\t<\/div>\n\t\t\t\t<\/div>\n\t\t\t\t\t<\/div>\n\t\t<\/div>\n\t\t\t\t\t\t\t<\/div>\n\t\t<\/section>\n\t\t\t\t\t\t\t<\/div>\n\t\t","protected":false},"excerpt":{"rendered":"<p>ESOF &#8217;24 &#8211; M\u00fcnster M\u00fcnster \u2013 Germany 13\/03\/2024 \u2013 17\/03\/2024 The 2024 edition of the European Student Orchestra Festival takes us to M\u00fcnster, hosted by the Junges Sinfonieorchester an der WWU M\u00fcnster \u00a0All information for participants can be found on the Festival website:esof24.jusi-muenster.de Team ESOF24 front row: Sophia B\u00f6hm, vice-chairwoman, David Ulbricht, concertmaster, May T\u00f6pfer, [&hellip;]<\/p>\n","protected":false},"author":1,"featured_media":0,"parent":0,"menu_order":0,"comment_status":"closed","ping_status":"closed","template":"","meta":{"footnotes":""},"class_list":["post-117","page","type-page","status-publish","hentry"],"_links":{"self":[{"href":"https:\/\/esofestival.com\/index.php?rest_route=\/wp\/v2\/pages\/117","targetHints":{"allow":["GET"]}}],"collection":[{"href":"https:\/\/esofestival.com\/index.php?rest_route=\/wp\/v2\/pages"}],"about":[{"href":"https:\/\/esofestival.com\/index.php?rest_route=\/wp\/v2\/types\/page"}],"author":[{"embeddable":true,"href":"https:\/\/esofestival.com\/index.php?rest_route=\/wp\/v2\/users\/1"}],"replies":[{"embeddable":true,"href":"https:\/\/esofestival.com\/index.php?rest_route=%2Fwp%2Fv2%2Fcomments&post=117"}],"version-history":[{"count":67,"href":"https:\/\/esofestival.com\/index.php?rest_route=\/wp\/v2\/pages\/117\/revisions"}],"predecessor-version":[{"id":799,"href":"https:\/\/esofestival.com\/index.php?rest_route=\/wp\/v2\/pages\/117\/revisions\/799"}],"wp:attachment":[{"href":"https:\/\/esofestival.com\/index.php?rest_route=%2Fwp%2Fv2%2Fmedia&parent=117"}],"curies":[{"name":"wp","href":"https:\/\/api.w.org\/{rel}","templated":true}]}}